{"id":3779,"date":"2023-06-20T21:19:26","date_gmt":"2023-06-20T21:19:26","guid":{"rendered":"http:\/\/optimusmutfak.com\/?product=28743-chill-mermer-altlikli-kase-o-89-mm"},"modified":"2023-06-20T21:19:26","modified_gmt":"2023-06-20T21:19:26","slug":"28743-chill-mermer-altlikli-kase-o-89-mm","status":"publish","type":"product","link":"http:\/\/optimusmutfak.com\/?product=28743-chill-mermer-altlikli-kase-o-89-mm","title":{"rendered":"28743 Chill Mermer Altl\u0131kl\u0131 Kase (\u00d8: 89 Mm)"},"content":{"rendered":"<p>28743 \u2013 1116678<br \/>\nH: 49 mm 2&#8221;<br \/>\nT: 89 mm 3 1\/2&#8221;<br \/>\nV: 170 cc 5 3\/4 oz<\/p>\n","protected":false},"excerpt":{"rendered":"<p>28743 CH\u0130LL MERMER ALTLIKLI KASE (\u00d8: 89 MM)<\/p>\n","protected":false},"featured_media":3547,"comment_status":"open","ping_status":"closed","template":"","meta":{"saved_in_kubio":false,"_eb_attr":""},"product_cat":[23],"product_tag":[],"class_list":{"0":"post-3779","1":"product","2":"type-product","3":"status-publish","4":"has-post-thumbnail","6":"product_cat-nudeglass","8":"first","9":"instock","10":"shipping-taxable","11":"purchasable","12":"product-type-simple"},"_links":{"self":[{"href":"http:\/\/optimusmutfak.com\/index.php?rest_route=\/wp\/v2\/product\/3779","targetHints":{"allow":["GET"]}}],"collection":[{"href":"http:\/\/optimusmutfak.com\/index.php?rest_route=\/wp\/v2\/product"}],"about":[{"href":"http:\/\/optimusmutfak.com\/index.php?rest_route=\/wp\/v2\/types\/product"}],"replies":[{"embeddable":true,"href":"http:\/\/optimusmutfak.com\/index.php?rest_route=%2Fwp%2Fv2%2Fcomments&post=3779"}],"wp:featuredmedia":[{"embeddable":true,"href":"http:\/\/optimusmutfak.com\/index.php?rest_route=\/wp\/v2\/media\/3547"}],"wp:attachment":[{"href":"http:\/\/optimusmutfak.com\/index.php?rest_route=%2Fwp%2Fv2%2Fmedia&parent=3779"}],"wp:term":[{"taxonomy":"product_cat","embeddable":true,"href":"http:\/\/optimusmutfak.com\/index.php?rest_route=%2Fwp%2Fv2%2Fproduct_cat&post=3779"},{"taxonomy":"product_tag","embeddable":true,"href":"http:\/\/optimusmutfak.com\/index.php?rest_route=%2Fwp%2Fv2%2Fproduct_tag&post=3779"}],"curies":[{"name":"wp","href":"https:\/\/api.w.org\/{rel}","templated":true}]}}